5*m + 2*y - 7. Suppose -c + 4 = -0*c - 4*z, -5*c = -z - m. Suppose 2*a - 66 - 36 = c. Is a a multiple of 17?
True
Let b = -171 - -171. Suppose 2*u = -s + 11, 3 = -2*s + 5*u - 2. Suppose b*n = -s*n + 40. Does 8 divide n?
True
Let c be (-156)/15*(945/(-6))/3. Suppose -c = -3*r - l - 50, -494 = -3*r + l. Is 33 a factor of r?
True
Suppose 0 = -3*p + 2*b + 68, 170 = 5*p + 3*b + 44. Let d = -2 + p. Does 11 divide d?
True
Let o(b) = -3*b + 31. Let s be o(9). Suppose 2*m - r - 45 = 4*r, -2*r = -s*m + 50. Is m a multiple of 3?
False
Let k(b) be the second derivative of b**4/12 - b**3 - 19*b**2/2 - 18*b. Is k(-8) a multiple of 32?
False
Let y(p) = -3*p - 25 + 0*p + 7*p + 9. Let k be (-2)/(-5) - (-292)/20. Is 11 a factor of y(k)?
True
Let q be -33 - -28 - (1 + 1 + 0). Let w(d) = 2*d**2 + 11*d + 19. Is w(q) a multiple of 8?
True
Suppose -36*h + 34*h + 2 = 0, 5*w - 4*h = 3876. Does 8 divide w?
True
Let f be (-2 - 22)*(-6)/(-12). Let c = f + 7. Is 23 a factor of 5/(c/(-58)) - 3?
False
Let q = -19 + -25. Let h be (-11)/q - (-9769)/(-4). Is 16 a factor of 4/(-30) - h/90?
False
Suppose -10*n + 6 = -11*n. Is 2 - -8*(-21)/n*3 a multiple of 6?
False
Let n be 10 + -2 - 9/3. Let q = 8 - n. Suppose -2*g + 106 = q*u, -15 - 13 = -u + 3*g. Does 17 divide u?
True
Let a(i) = i**2 + 10*i - 8. Let n be a(-11). Suppose -8 - 4 = -n*t. Suppose t*k - 300 = -4*u, -3*u + 421 = 4*k + 124. Is 20 a factor of k?
False
Suppose 2*z = l + 1306, 5*z = -4*l + 1259 + 2006. Is z a multiple of 20?
False
Suppose 0 = -x - 7*x + 120. Let u(g) = -g**3 + 16*g**2 - 14*g + 19. Is u(x) a multiple of 3?
False
Suppose 0 = 2*n - 0*n - 6. Suppose -3*m + 15 = 9. Suppose 0 = m*s - 55 + n. Does 4 divide s?
False
Let h(j) be the second derivative of j**4/3 - j**3/3 + j**2/2 - j. Let z be h(-2). Is (30/4)/(z/56) a multiple of 10?
True
Suppose 2*d - 1550 = -9*w + 5*w, w = 5*d + 360. Is w a multiple of 55?
True
Let j be -4 - 2/(6/(-357)). Suppose q - 20 = -u - 3, -5*q = -5*u + j. Does 10 divide u?
True
Let t(o) = o**2 - 5*o - 8. Does 71 divide t(15)?
True
Let y be 0 + 15/(-10) + (-18)/(-4). Is (1 - y)/(-2) - -23 a multiple of 3?
True
Suppose -i + v - 2*v = 2, 0 = -4*v - 12. Does 2 divide 6/((-24)/(-20))*i?
False
Let m be (-2 - 25)/((-1)/(-5)). Let a = -80 - m. Does 7 divide a?
False
Let x = -239 - -974. Is x a multiple of 35?
True
Suppose -2*v - 189 = -4*v + u, -4*u + 384 = 4*v. Is v a multiple of 7?
False
Suppose 0 = 49*q - 92158 - 9468. Does 61 divide q?
True
Suppose -781 = -40*i + 29*i. Is i a multiple of 2?
False
Let q(z) = 3*z + 11. Let w(p) = -4*p - 11. Let f(t) = -3*q(t) - 2*w(t). Let i be f(9). Is 20/6*(-30)/i even?
False
Suppose -153*y = -154*y + 218. Is y a multiple of 9?
False
Let q be (-378)/24 - 3/12. Is 2 a factor of 14/2 - (17 + q)?
True
Let u = 2 + 144. Let s = u + -116. Is s a multiple of 6?
True
Suppose -2*h + 10 - 18 = 0. Does 3 divide (-24)/h - 0/(-1)?
True
Let m be 708/10 + 1/5. Suppose 0 = 6*z - 205 - m. Is 9 a factor of z?
False
Let x be -2 + (1 - (-1 + -27)). Let i = -32 + 35. Suppose 2*m + 4*s = 16, -4*m + x - 6 = -i*s. Does 5 divide m?
False
Let r(m) be the third derivative of 0*m + 0 - 5*m**2 - 7/3*m**3 - 5/24*m**4. Is r(-9) a multiple of 15?
False
Let l(s) = -11*s + 18. Let g(b) = 21*b - 35. Let z(y) = 3*g(y) + 7*l(y). Is 21 a factor of z(-7)?
False
Let l = -317 + 345. Does 6 divide l?
False
Let c(o) = -2*o**2 - 51*o + 64. Is 19 a factor of c(-26)?
True
Suppose -3*a - 60 = -7*a. Let c be (10/a)/((-1)/(-72)). Suppose -c = -10*g + 8*g. Is 10 a factor of g?
False
Suppose -s + 5*k = -8 - 10, -s + 12 = -2*k. Suppose s*x - 14 = 7*x. Does 8 divide x?
False
Let g be 1090/30 - 2/6. Suppose 32*l - g*l = -56. Is l a multiple of 14?
True
Let j = -14 + 8. Let x be (-522)/(-20) - (-28)/(-280). Let a = x + j. Does 5 divide a?
True
Suppose 0 + 3 = -j. Let k(l) = -23*l - 3. Is 6 a factor of k(j)?
True
Suppose 3*l - 10 = 38. Suppose l = w - 27. Let n = w + -24. Is 7 a factor of n?
False
Suppose -7*c + 320 = -2*c. Let m be (39/12)/((-4)/c). Let t = m + 75. Is t a multiple of 9?
False
Let c(l) = -2*l**3 - 4*l**2 - 3*l - 2. Let p be c(-2). Suppose t - 2*r = -5*r - 1, -23 = -p*t - 3*r. Does 4 divide t?
True
Suppose -9*d + 3366 + 4914 = 0. Is d a multiple of 40?
True
Let w(m) = 6*m**2 + 13*m + 25. Does 9 divide w(-5)?
False
Does 7 divide 1 - (-5 + 4 + -260)?
False
Let k(h) = 14*h**2 - 14*h - 13. Is 37 a factor of k(-5)?
True
Suppose -6*u = -7*u + 5. Suppose -u - 27 = -2*f. Is 3 a factor of f?
False
Let m(w) = 17*w**2 + w - 34. Is 18 a factor of m(-4)?
True
Let a(q) = -187*q + 336. Is a(-6) a multiple of 31?
False
Let j(f) = -f**3 + 22*f**2 - 18*f - 44. Let z = -83 + 104. Is j(z) even?
False
Let s(t) = -t - 23. Let w be s(-23). Suppose 3*p - 75 - 6 = w. Does 9 divide p?
True
Suppose -3 = -3*k - 0*k. Let z be -5 - (3 - (0 + k)). Let l(v) = -v**2 - 9*v - 1. Does 7 divide l(z)?
False
Let w be (-2)/6 - 772/(-12). Let v be w/20 + 2/(-10). Suppose d + 26 = a - 3*d, 0 = v*a + 2*d - 22. Does 10 divide a?
True
Let t = -10 + 19. Let r = -4 + t. Let x = r + 10. Does 7 divide x?
False
Let k(y) = -2*y**3 + 3*y**3 - 4*y**2 + 8*y**2. Let m be k(-4). Suppose -4*t + 5*g + 286 = m, -2*g - 420 = -5*t - 71. Is t a multiple of 19?
False
Suppose -4*l = -3*l - b - 2, -5*l + 12 = -3*b. Suppose -10*u - l*u = -871. Is 4 a factor of u?
False
Suppose -15*n + 1394 = 2*n. Does 82 divide n?
True
Suppose 0 = 5*m - 8*m + 261. Does 17 divide m?
False
Let a = 535 + -260. Is a a multiple of 15?
False
Suppose 13*a = 9*a + 1860. Let p = -279 + a. Is 18 a factor of p?
False
Is 12 a factor of (-1176)/(-42)*(6 - -1)?
False
Let z = -16 + 426. Does 16 divide z?
False
Let l be 1/(-4*(-1)/16). Suppose 5*x - 7*x - 150 = -3*k, 0 = l*k + 5*x - 223. Is 13 a factor of k?
True
Let o(i) = -10 + 13 + 0*i - 2*i + 13. Let j be o(7). Suppose 14 - 62 = -j*u. Is 6 a factor of u?
True
Let p be (-86)/7 + (-2)/(-7). Let r = -38 - -60. Let t = p + r. Is t a multiple of 3?
False
Let b(t) = 11*t + 21*t**2 - 6*t**3 - 5*t - 30*t + 6 + t**3. Let a(k) = 2*k**3 - 7*k**2 + 8*k - 2. Let m(n) = 8*a(n) + 3*b(n). Is m(-7) a multiple of 16?
False
Suppose 3*w = 4*o - 11, -2*w + 7 = -2*o + 15. Does 18 divide (237 + 1/o)/1?
False
Is 51 a factor of 40782/30 - (-7)/(140/(-8))?
False
Let k = -28 + 32. Suppose -640 = -k*h - h. Is 40 a factor of h?
False
Let m(h) = h**2 + 3*h - 3. Let d be m(-6). Let y(n) = 6*n + 52. Is 15 a factor of y(d)?
False
Let c(z) = -2*z + 42. Suppose 4*y = -a - 0*a + 69, 0 = 4*y - 5*a - 87. Is c(y) a multiple of 6?
True
Suppose 0 = 2*d + 3*t - 21, 2*d - 10 = -4*t + 6. Does 26 divide (-6)/(-4) + 639/d?
False
Let g be (-1 + 1)*(29 + -28). Suppose g = q - 5*p - 76, 0*p = 2*q - 2*p - 128. Is q a multiple of 32?
False
Let m(r) = -46*r + 9. Let t(i) = 23*i - 4. Let c(k) = -2*m(k) - 5*t(k). Let z be c(-6). Let n = -68 + z. Is 23 a factor of n?
False
Let b(o) be the first derivative of o**4/4 + 5*o**3/3 + 5*o**2/2 + 2*o + 12. Let l be b(-4). Let c(u) = -4*u - 1. Is 2 a factor of c(l)?
False
Let i(p) = 16*p**2 - 12*p - 45. Does 9 divide i(-6)?
True
Let o(u) be the third derivative of u**6/120 - u**5/60 - u**4/12 + 6*u**3 + 3*u**2. Is 9 a factor of o(0)?
True
Let z = -3 + -10. Suppose -407 = -13*c - 95. Let i = c + z. Is i a multiple of 11?
True
Let g(f) = 3*f**3 - f**2 + 10*f + 2. Let h be g(-4). Let v = -159 - h. Is v a multiple of 15?
False
Let r = 2445 - 931. Does 39 divide r?
False
Suppose -a + 70 = -298. Is 46 a factor of a?
True
Let p(j) = 80*j**2 - 3*j + 1. Is 38 a factor of p(4)?
False
Let h(l) = -1. Let i(r) = 3*r + 2. Let j(q) = 2*h(q) - i(q). Suppose -2*d = 2*g + 22, -5*d + 4*g - 2 = 8. Does 9 divide j(d)?
False
Let y(h) = h**2 - 6*h + 19. Let v be y(3). Suppose -v*p + 34 = -986. Is p a multiple of 34?
True
Suppose 5*p - 2 = -3*m, -2*m - 3*p + 1 = -0. Let v be 24*((-6)/9 - m). Suppose 0 = -5*o + v + 2. Is 2 a factor of o?
True
Let w = 3362 - 1585. Does 83 divide w?
False
Let o be 4*((-6)/(-4) + 0). Let r(p) = 5*p**2 + 4*p. Let g be r(o). Suppose -4*v = 64 - g. Does 10 divide v?
False
Suppose 5*t - 27 = 3*v, -5*v = -t - 2*v + 15. Suppose -4*q - t*l = -599 - 51, -2*q - 2*l + 324 = 0. Is q a multiple of 41?
True
Let d(s) = -4 + s**2 - 12 - 1 + 14*s + 2. Let u be d(-15). Suppose 5*o = -3*j + 34, -o + u + 25 = 2*j. Is 4 a factor of j?
False
Let s(h) = -h**3 +